{"version":"1.0","provider_name":"PsicoPico","provider_url":"https:\/\/psicopico.com\/gl","author_name":"Redacci\u00f3n","author_url":"https:\/\/psicopico.com\/gl\/author\/redaccion\/","title":"(Espa\u00f1ol) Preguntas frecuentes sobre el Injerto Capilar - PsicoPico","type":"rich","width":600,"height":338,"html":"<blockquote class=\"wp-embedded-content\" data-secret=\"vroV9sKNnt\"><a href=\"https:\/\/psicopico.com\/gl\/preguntas-frecuentes-sobre-el-injerto-capilar\/\">(Espa\u00f1ol) Preguntas frecuentes sobre el Injerto Capilar<\/a><\/blockquote><iframe sandbox=\"allow-scripts\" security=\"restricted\" src=\"https:\/\/psicopico.com\/gl\/preguntas-frecuentes-sobre-el-injerto-capilar\/embed\/#?secret=vroV9sKNnt\" width=\"600\" height=\"338\" title=\"&#8220;(Espa\u00f1ol) Preguntas frecuentes sobre el Injerto Capilar&#8221; &#8212; PsicoPico\" data-secret=\"vroV9sKNnt\" frameborder=\"0\" marginwidth=\"0\" marginheight=\"0\" scrolling=\"no\" class=\"wp-embedded-content\"><\/iframe><script type=\"text\/javascript\">\n\/* <![CDATA[ *\/\n\/*! This file is auto-generated *\/\n!function(d,l){\"use strict\";l.querySelector&&d.addEventListener&&\"undefined\"!=typeof URL&&(d.wp=d.wp||{},d.wp.receiveEmbedMessage||(d.wp.receiveEmbedMessage=function(e){var t=e.data;if((t||t.secret||t.message||t.value)&&!\/[^a-zA-Z0-9]\/.test(t.secret)){for(var s,r,n,a=l.querySelectorAll('iframe[data-secret=\"'+t.secret+'\"]'),o=l.querySelectorAll('blockquote[data-secret=\"'+t.secret+'\"]'),c=new RegExp(\"^https?:$\",\"i\"),i=0;i<o.length;i++)o[i].style.display=\"none\";for(i=0;i<a.length;i++)s=a[i],e.source===s.contentWindow&&(s.removeAttribute(\"style\"),\"height\"===t.message?(1e3<(r=parseInt(t.value,10))?r=1e3:~~r<200&&(r=200),s.height=r):\"link\"===t.message&&(r=new URL(s.getAttribute(\"src\")),n=new URL(t.value),c.test(n.protocol))&&n.host===r.host&&l.activeElement===s&&(d.top.location.href=t.value))}},d.addEventListener(\"message\",d.wp.receiveEmbedMessage,!1),l.addEventListener(\"DOMContentLoaded\",function(){for(var e,t,s=l.querySelectorAll(\"iframe.wp-embedded-content\"),r=0;r<s.length;r++)(t=(e=s[r]).getAttribute(\"data-secret\"))||(t=Math.random().toString(36).substring(2,12),e.src+=\"#?secret=\"+t,e.setAttribute(\"data-secret\",t)),e.contentWindow.postMessage({message:\"ready\",secret:t},\"*\")},!1)))}(window,document);\n\/\/# sourceURL=https:\/\/psicopico.com\/wp-includes\/js\/wp-embed.min.js\n\/* ]]> *\/\n<\/script>\n","thumbnail_url":"https:\/\/i0.wp.com\/psicopico.com\/wp-content\/uploads\/2022\/03\/alopecia-psicologia.jpg?fit=1080%2C720&ssl=1","thumbnail_width":1080,"thumbnail_height":720,"description":"Esta noticia non est\u00e1 dispo\u00f1ible en galego&#8230;sent\u00edmolo. Proba en castel\u00e1n. Apertas! For the sake of viewer convenience, the content is shown below in the alternative language. You may click the link to switch the active language. La alopecia es la ca\u00edda excesiva del cabello que provoca la calvicie. Existen varios tipos que tienen diferentes causas [&hellip;]"}

Redacción

(Español) Preguntas frecuentes sobre el Injerto Capilar - PsicoPico

<blockquote class="wp-embedded-content" data-secret="vroV9sKNnt"><a href="https://psicopico.com/gl/preguntas-frecuentes-sobre-el-injerto-capilar/">(Español) Preguntas frecuentes sobre el Injerto Capilar</a></blockquote><iframe sandbox="allow-scripts" security="restricted" src="https://psicopico.com/gl/preguntas-frecuentes-sobre-el-injerto-capilar/embed/#?secret=vroV9sKNnt" width="600" height="338" title="&#8220;(Español) Preguntas frecuentes sobre el Injerto Capilar&#8221; &#8212; PsicoPico" data-secret="vroV9sKNnt" frameborder="0" marginwidth="0" marginheight="0" scrolling="no" class="wp-embedded-content"></iframe><script type="text/javascript">
/* <![CDATA[ */
/*! This file is auto-generated */
!function(d,l){"use strict";l.querySelector&&d.addEventListener&&"undefined"!=typeof URL&&(d.wp=d.wp||{},d.wp.receiveEmbedMessage||(d.wp.receiveEmbedMessage=function(e){var t=e.data;if((t||t.secret||t.message||t.value)&&!/[^a-zA-Z0-9]/.test(t.secret)){for(var s,r,n,a=l.querySelectorAll('iframe[data-secret="'+t.secret+'"]'),o=l.querySelectorAll('blockquote[data-secret="'+t.secret+'"]'),c=new RegExp("^https?:$","i"),i=0;i<o.length;i++)o[i].style.display="none";for(i=0;i<a.length;i++)s=a[i],e.source===s.contentWindow&&(s.removeAttribute("style"),"height"===t.message?(1e3<(r=parseInt(t.value,10))?r=1e3:~~r<200&&(r=200),s.height=r):"link"===t.message&&(r=new URL(s.getAttribute("src")),n=new URL(t.value),c.test(n.protocol))&&n.host===r.host&&l.activeElement===s&&(d.top.location.href=t.value))}},d.addEventListener("message",d.wp.receiveEmbedMessage,!1),l.addEventListener("DOMContentLoaded",function(){for(var e,t,s=l.querySelectorAll("iframe.wp-embedded-content"),r=0;r<s.length;r++)(t=(e=s[r]).getAttribute("data-secret"))||(t=Math.random().toString(36).substring(2,12),e.src+="#?secret="+t,e.setAttribute("data-secret",t)),e.contentWindow.postMessage({message:"ready",secret:t},"*")},!1)))}(window,document);
//# sourceURL=https://psicopico.com/wp-includes/js/wp-embed.min.js
/* ]]> */
</script>

Esta noticia non está dispoñible en galego&#8230;sentímolo. Proba en castelán. Apertas! For the sake of viewer convenience, the content is shown below in the alternative language. You may click the link to switch the active language. La alopecia es la caída excesiva del cabello que provoca la calvicie. Existen varios tipos que tienen diferentes causas [&hellip;]
